he hundred millions digit of 2304840911?
3
What is the hundred thousands digit of 74673063?
6
What is the hundreds digit of 9073409504?
5
What is the units digit of 5842047908?
8
What is the ten millions digit of 1244335622?
4
What is the hundreds digit of 21705312?
3
What is the millions digit of 1635346583?
5
What is the millions digit of 4535887705?
5
What is the hundred thousands digit of 1331469741?
4
What is the hundred thousands digit of 20000691?
0
What is the hundred millions digit of 1009426262?
0
What is the ten thousands digit of 59588976?
8
What is the tens digit of 3311925532?
3
What is the hundreds digit of 41484023?
0
What is the hundreds digit of 1189078429?
4
What is the thousands digit of 1526774682?
4
What is the tens digit of 15392244?
4
What is the hundred thousands digit of 87054437?
0
What is the units digit of 116315817?
7
What is the hundred millions digit of 129646428?
1
What is the millions digit of 3594861012?
4
What is the ten millions digit of 352909205?
5
What is the ten thousands digit of 852061200?
6
What is the billions digit of 7000468566?
7
What is the hundred millions digit of 270821115?
2
What is the hundred millions digit of 1349288246?
3
What is the ten millions digit of 150516628?
5
What is the ten thousands digit of 176974100?
7
What is the tens digit of 120548265?
6
What is the hundred millions digit of 1136164480?
1
What is the hundred millions digit of 111243118?
1
What is the hundred thousands digit of 1829851870?
8
What is the hundred thousands digit of 168322390?
3
What is the tens digit of 52381425?
2
What is the hundreds digit of 1877771490?
4
What is the tens digit of 1020210327?
2
What is the ten thousands digit of 9946762?
4
What is the hundred thousands digit of 1177823653?
8
What is the hundreds digit of 416560546?
5
What is the millions digit of 7984587?
7
What is the millions digit of 1885597784?
5
What is the thousands digit of 301471617?
1
What is the ten millions digit of 38900303?
3
What is the units digit of 588308469?
9
What is the units digit of 44871466?
6
What is the millions digit of 42926062?
2
What is the hundred thousands digit of 1430132914?
1
What is the hundred thousands digit of 112796543?
7
What is the millions digit of 237462865?
7
What is the units digit of 71522605?
5
What is the ten thousands digit of 827948097?
4
What is the hundreds digit of 128705129?
1
What is the thousands digit of 5987457?
7
What is the billions digit of 1067050446?
1
What is the hundred thousands digit of 269749253?
7
What is the ten thousands digit of 54495938?
9
What is the hundred millions digit of 139349360?
1
What is the millions digit of 19408947?
9
What is the ten millions digit of 5404312268?
0
What is the millions digit of 241146280?
1
What is the hundred thousands digit of 1434818246?
8
What is the tens digit of 33701778?
7
What is the millions digit of 3262392784?
2
What is the hundreds digit of 518801449?
4
What is the ten thousands digit of 472686357?
8
What is the hundred millions digit of 157161701?
1
What is the thousands digit of 49793931?
3
What is the millions digit of 8493963?
8
What is the tens digit of 64265757?
5
What is the hundreds digit of 60035213?
2
What is the hundred millions digit of 3119245512?
1
What is the hundred thousands digit of 44465625?
4
What is the hundred thousands digit of 31290619?
2
What is the hundred thousands digit of 60506164?
5
What is the hundred millions digit of 575587638?
5
What is the millions digit of 675652265?
5
What is the ten thousands digit of 33147613?
4
What is the units digit of 1780940106?
6
What is the tens digit of 30503516?
1
What is the tens digit of 792341810?
1
What is the ten millions digit of 190596953?
9
What is the ten thousands digit of 513347068?
4
What is the hundred thousands digit of 62697995?
6
What is the hundreds digit of 215261760?
7
What is the billions digit of 1158356115?
1
What is the ten millions digit of 193517121?
9
What is the thousands digit of 1576873515?
3
What is the hundreds digit of 1129773567?
5
What is the hundred millions digit of 397222697?
3
What is the tens digit of 1004736730?
3
What is the hundred millions digit of 494003205?
4
What is the thousands digit of 177481469?
1
What is the ten millions digit of 46868771?
4
What is the thousands digit of 166546544?
6
What is the hundreds digit of 4551851?
8
What is the tens digit of 807654790?
9
What is the ten thousands digit of 121922522?
2
What is the thousands digit of 38161393?
1
What is the hundred thousands digit of 1155140746?
1
What is the tens digit of 35648987?
8
What is the tens digit of 72317384?
8
What is the hundred millions digit of 1813522445?
8
What is the thousands digit of 1222460034?
0
What is the tens digit of 75293380?
8
What is the units digit of 16337406?
6
What is the hundreds digit of 1383902665?
6
What is the hundred thousands digit of 248219243?
2
What is the thousands digit of 14654152?
4
What is the millions digit of 1419180779?
9
What is the thousands digit of 78352455?
2
What is the thousands digit of 75037028?
7
What is the hundred millions digit of 139230592?
1
What is the units digit of 135029554?
4
What is the units digit of 64624564?
4
What is the hundreds digit of 2033308387?
3
What is the millions digit of 139931942?
9
What is the ten thousands digit of 321763931?
6
What is the ten millions digit of 176677744?
7
What is the ten thousands digit of 88945679?
4
What is the millions digit of 4061834795?
1
What is the tens digit of 1825059418?
1
What is the hundreds digit of 1525280482?
4
What is the units digit of 78171601?
1
What is the hundreds digit of 47188751?
7
What is the hundreds digit of 534043043?
0
What is the units digit of 123628892?
2
What is the ten millions digit of 397444768?
9
What is the ten thousands digit of 218235609?
3
What is the thousands digit of 53189526?
9
What is the billions digit of 8584310140?
8
What is the thousands digit of 66846673?
6
What is the ten millions digit of 2010321405?
1
What is the ten millions digit of 1644855648?
4
What is the thousands digit of 106261082?
1
What is the billions digit of 1846791165?
1
What is the hundred millions digit of 247521801?
2
What is the millions digit of 26179795?
6
What is the hundred millions digit of 1128488486?
1
What is the millions digit of 1034888833?
4
What is the hundreds digit of 235429467?
4
What is the hundred thousands digit of 156308094?
3
What is the ten millions digit of 1353402945?
5
What is the hundred thousands digit of 444740488?
7
What is the hundreds digit of 3862903389?
3
What is the millions digit of 34864461?
4
What is the units digit of 45644412?
2
What is the ten thousands digit of 41306938?
0
What is the hundred thousands digit of 207569337?
5
What is the tens digit of 11789782?
8
What is the ten thousands digit of 5208360783?
6
What is the tens digit of 36664073?
7
What is the hundred thousands digit of 243724700?
7
What is the tens digit of 67652746?
4
What is the millions digit of 69395564?
9
What is the hundred millions digit of 154943249?
1
What is the millions digit of 216970397?
6
What is the hundred thousands digit of 86912252?
9
What is the tens digit of 684391191?
9
What is the thousands digit of 264753075?
3
What is the ten thousands digit of 488158357?
5
What is the hundred millions digit of 215514382?
2
What is the hundred millions digit of 1152710565?
1
What is the units digit of 135343117?
7
What is the hundred millions digit of 142681212?
1
What is the millions digit of 7775254?
7
What is the hundreds digit of 2420019567?
5
What is the hundred millions digit of 242136121?
2
What is the billions digit of 3037411329?
3
What is the millions digit of 5213574358?
3
What is the billions digit of 1222521669?
1
What is the millions digit of 42298717?
2
What is the hundred thousands digit of 596096377?
0
What is the ten thousands digit of 376031754?
3
What is the hundreds digit of 181733237?
2
What is the thousands digit of 52983013?
3
What is the units digit of 1322313519?
9
What is the millions digit of 105451429?
5
What is the hundreds digit of 988361538?
5
What is the millions digit of 6798083633?
8
What is the hundred millions digit of 3978323261?
9
What is the ten millions digit of 1236523